 2*c + 149. Suppose -c = -5*m + 187. What are the prime factors of m + (-2 + 0 - -4)?
2, 3
Let t = 50431 + 6376. List the prime factors of t.
56807
Let t = -17937 - -26553. Suppose 0 = -12*c + 6*c + t. List the prime factors of c.
2, 359
Let y(m) = -m**2 - 1 - m**3 + 6*m**2 - 10*m + m**2 + 6*m**2. Let n be y(11). Suppose 8 = 3*h - n. List the prime factors of h.
2, 3
Suppose 4*x + q - 224 = 0, -3*x = -4*q - 588 + 458. Suppose z = j - 9, 0*z - 5*z + 25 = 2*j. Suppose -4*v + x = j. What are the prime factors of v?
11
Let s = 0 + -3. Let n(w) = 3*w + 12. Let f be n(s). Suppose -5*j + f*h + 813 = 150, 0 = 5*j + 5*h - 695. List the prime factors of j.
3, 5
Let o(r) = r**3 - 7*r**2 + 7*r + 19. Let g(b) = b**3 - 3*b**2 + 3*b + 9. Let d(k) = 9*g(k) - 4*o(k). Let m be d(5). What are the prime factors of (-3)/9 + m/6?
2, 3
Let r = -51 - -66. Suppose 375 = 5*h - r. Suppose 3*g + s - h - 125 = 0, 3*g - 4*s = 193. List the prime factors of g.
67
Suppose -4*f - 7*q + 12*q + 36 = 0, 2*f + 2*q = 36. Suppose -15*p + 1060 = -f*p. What are the prime factors of p?
2, 5, 53
Let a = 716 - 434. What are the prime factors of a/12*(-1 + 13)?
2, 3, 47
Suppose -s = -2*s - 2*m + 12, 31 = 3*s + 5*m. Suppose s*r = 3*h - 2002, 4*r - 3*r = h - 669. Suppose -d - 7*d + h = 0. What are the prime factors of d?
83
Let u = -31891 - -58407. List the prime factors of u.
2, 7, 947
Let a(c) = -12*c + 19. Let m be a(3). Let s = 21 + m. Suppose k = 6*k - s*h - 402, 4*k = -3*h + 303. What are the prime factors of k?
2, 3, 13
Let n = 5057 + -1447. What are the prime factors of n?
2, 5, 19
Suppose 6198*w = 6183*w + 180975. List the prime factors of w.
5, 19, 127
Let i(w) = 9229*w - 858. What are the prime factors of i(5)?
11, 23, 179
Suppose -11*x + 172100 + 55636 = -2*x. What are the prime factors of x?
2, 3163
Suppose 2*z + 5*r + 590 = 0, -2*z + r = -z + 295. Let t = z + 591. List the prime factors of t.
2, 37
Let l(p) = p**3 - 4*p**3 - 24*p**2 - 3*p**3 + 0*p**2 + 5*p**3 - 22*p + 87. What are the prime factors of l(-24)?
3, 5, 41
Suppose -7*l = -5*l - 2*c + 164, 0 = -2*c + 4. List the prime factors of (-35696)/l + 8/10.
3, 149
Let c(u) be the second derivative of -u**3/3 + 2*u**2 + 19*u. Let q be c(5). List the prime factors of 9226/42 + 10/q.
2, 109
Let j = -12 + 15. Suppose 13 + 17 = -j*m. Let q = 24 + m. What are the prime factors of q?
2, 7
List the prime factors of 132669/(-2)*(-8)/9.
2, 14741
Let z(s) = s + 7. Let t be z(-6). Let u(c) = -c**3 - 23*c**2 - 30*c - 172. Let k be u(-22). Let y = k + t. What are the prime factors of y?
5
Let t = -95 - -93. Let i be -108*(8/(-4))/t*-1. Suppose i = 9*v - 27. List the prime factors of v.
3, 5
Suppose 3*w + 4*l - 4 - 3 = 0, 0 = -w + 3*l + 11. Suppose 6*t + 45 = w*i + t, 6 = -i + 4*t. List the prime factors of 2774/i - 3/21.
2, 3, 11
Let y(f) = -f**3 - f**2 + 3*f + 10. Suppose 2*b = 3*t - 39, 70*t = 71*t - 5. List the prime factors of y(b).
2, 19, 41
List the prime factors of (2 + 270)*(-93)/(-186).
2, 17
Let k(n) = 7*n + 162 - 84*n + 22*n. List the prime factors of k(-12).
2, 3, 137
What are the prime factors of (2 - 3)*4 + (9320 - (-2 + 1))?
7, 11
Suppose -20 = -15*m + 19*m. What are the prime factors of 3146/10 - (2/m + 0)?
3, 5, 7
Let q(u) = -91*u - 29. Let m be ((-6)/(-4))/((-20)/(-8) - 3). List the prime factors of q(m).
2, 61
Let y = -112 + 112. Let q be 10/4*2 + -2. Suppose y*l - q = -l, 4*h - 283 = -5*l. List the prime factors of h.
67
Suppose -1 = t - 21. Suppose -23 = -2*w - 3*z, -2*w = 3*w - 5*z - t. Suppose w*q - 2*q = 655. List the prime factors of q.
131
Suppose 20*f - 6*f = -14. What are the prime factors of ((-480)/192)/(f/438)?
3, 5, 73
Suppose -3*d = 3*n - 45738, 3*d = -920*n + 921*n + 45718. What are the prime factors of d?
15241
Suppose f = -3*t + 24 - 4, -t - 5*f = -16. Let v be 18/(-1 + (-35)/(-33)). Suppose -9*h + v = -t*h. List the prime factors of h.
3, 11
Let v(i) = 9*i + 42. Let s be v(-4). What are the prime factors of 458/6 + 3/27*s?
7, 11
Let t(u) = u**2 - 2*u + 12. Let n be t(0). Let p = n - -205. List the prime factors of p.
7, 31
Let m(u) = 629*u - 153. Let g(n) = 419*n - 102. Let a(r) = -7*g(r) + 5*m(r). What are the prime factors of a(2)?
373
Suppose -5*o + 13 = 8*o. Let t be o*2/1*6. Suppose 3*g - 1815 = -t*g. What are the prime factors of g?
11
Suppose 35*h - 46189 = 16*h. Let d = 3603 - h. What are the prime factors of d?
2, 293
Suppose 4*p - 2*p - 5947 = -3*d, 2*d - 3967 = -p. What are the prime factors of d?
1987
Let c = -901 - -1318. Let x = 598 - c. What are the prime factors of x?
181
Suppose -u - 2*f + 4 = u, -5*f = u + 14. Let g be 2/1*3/u. Let n(m) = 50*m**2 + m - 2. List the prime factors of n(g).
7
Suppose 410745 = -24*j + 48*j - 9*j. List the prime factors of j.
139, 197
Let p be -2 + (8 + -5 - -1). Suppose p*d - d - i = -1430, 3*d - 4*i + 4294 = 0. List the prime factors of 44/(-66) - d/6.
3, 79
What are the prime factors of ((-95207)/(-406))/((-2)/(-20))?
5, 7, 67
List the prime factors of (1193000/75 - (0 - 7)) + (-2)/(-6).
2, 73, 109
Let z(m) = 281*m**2 - 20*m - 49. List the prime factors of z(-4).
3, 503
Suppose 67*d - 4144455 = -1277999 + 908056. What are the prime factors of d?
2, 7, 503
Let p(w) = -4*w**2 - 15*w + 32. Let v be p(2). Let k(s) = -s**3 - 13*s**2 - 16*s - 103. List the prime factors of k(v).
317
Let m = -298 + 561. Suppose 3*t - 979 = m. What are the prime factors of t?
2, 3, 23
Let g = -80 - -757. What are the prime factors of g?
677
Let p be 222/4*(16/12)/1. Suppose p*a - 23*a = 2550. List the prime factors of a.
2, 5
Suppose -174 + 2118 = 6*a. Suppose -a = -4*x + s, 5*x - 44 = 4*s + 361. List the prime factors of x.
3
Suppose 10*j = 13*j + 66. Let g be (-57)/76 + j/(-8). What are the prime factors of 581/(-14)*(0 - g)?
83
Let q(a) = -84*a**3 - 3*a**2 - 2*a. Suppose 264 = 4*z + 8. Let p be (-4)/5 + z/(-20) + 3. What are the prime factors of q(p)?
83
Let l = -6099 + 11606. What are the prime factors of l?
5507
Suppose -17*j - 47 - 2129 = 0. List the prime factors of (-4 - -4)/(-3) - j.
2
List the prime factors of (221/1)/(158/4740).
2, 3, 5, 13, 17
Let m(h) = -h - 6 + 0 - 1 + 5*h. Let q be m(3). Suppose -115 = q*u - 500. What are the prime factors of u?
7, 11
Suppose -4188 - 1607 = -19*v. Let b = 509 - v. List the prime factors of b.
2, 3, 17
Suppose 15*i - 17*i + 6 = 0. Let t be ((-650)/(-15))/(i/63). Suppose 11*n - t = n. What are the prime factors of n?
7, 13
Let x = 30 - -8. Suppose -15*u + x*u - 6831 = 0. List the prime factors of u.
3, 11
Let i = -6533 + 28098. What are the prime factors of i?
5, 19, 227
Suppose 0 = 3*c + b - 348 - 69, -2*c + b = -278. List the prime factors of 1*4*(c + -71).
2, 17
Let b(o) = 163*o + 199. Let g be b(7). Suppose -g = -12*p + 7*p. List the prime factors of p.
2, 67
What are the prime factors of (-33037 - -18)*((-4)/(-2) - 3) + -5?
2, 17, 971
Let w = 774 - 462. Suppose -w*u = -307*u - 380. What are the prime factors of u?
2, 19
Let a(i) = -123*i + 852. Let w be a(7). Suppose -3*q + 250 = -q. Let z = q + w. What are the prime factors of z?
2, 29
Let k = 6104 + -5719. What are the prime factors of k?
5, 7, 11
Let w(u) = u**3 + 2*u**2. Let f(g) = 4*g**3 - 22*g**2 - 3*g + 116. Let t(i) = -f(i) + 3*w(i). List the prime factors of t(26).
2, 3, 73
Let s(x) = 2*x**2 + 37*x + 38. Suppose -2*v + 6 = 0, 2*n = -0*n - 3*v - 43. What are the prime factors of s(n)?
2, 107
Suppose 225*i - 111*i - 75832 = 106*i. List the prime factors of i.
9479
Let a = -95 - -99. What are the prime factors of ((-96)/10)/(a/(-210))?
2, 3, 7
Let l be ((-256)/10)/((-4)/20). Let b = l - 77. Let c = 65 - b. List the prime factors of c.
2, 7
Suppose 0*j - 3*j = 3*z + 9, 5*z = 5*j - 5. Let o(m) = 194*m**2 - 2. What are the prime factors of o(j)?
2, 3
Let o be (-3)/6 - 455/(-182). Suppose -5*g + 11 = -9. Suppose 562 = 4*z - 5*s, 3*z + g*s = -o*z + 723. What are the prime factors of z?
11, 13
Let j = 1696 - 1105. What are the prime factors of j?
3, 197
Let o(u) = 32*u + 25 - 13*u - 91*u + 27*u. What are the prime factors of o(-3)?
2, 5
Let c be (65/(-26))/(1/(-2)). List the prime factors of (-4 - c)/((-5)/215).
3, 43
Let o(r) = -24*r + 312. Let j be 100/850 + 4/(-34). What are the prime factors of o(j)?
2, 3, 13
Suppose -5*l + 5*g - 194 = -44, -2*l - 40 = 2*g. Let n = l +